 s = -2 - 1. Let l(c) = c**2 - c + 1. Calculate l(s).
13
Let t = 4 + -2. Let v(q) = -7*q**3 - 2*q**2 + 7*q - 7. Let d(p) = -3*p**3 - p**2 + 3*p - 3. Let r(z) = 5*d(z) - 2*v(z). What is r(t)?
-11
Let n(y) = -y**2 + 0*y**2 + 3*y**2 - y**2 - y. Calculate n(-2).
6
Let l(a) = a - 6. Let f be l(13). Let o(b) = -2*b - 2. Let s be o(f). Let p be s/40 + 17/5. Let d(u) = 3*u - 3. What is d(p)?
6
Let d(n) be the second derivative of n**4/12 + n**3/6 + 5*n**2/2 + 43*n. Determine d(-4).
17
Let m(z) = -z**2 + 3*z - 1. Let i(l) = 2*l**2 - 4*l + 1. Let t(o) = -2*i(o) - 3*m(o). Determine t(-1).
1
Let b(n) be the third derivative of -n**5/60 + 7*n**4/24 - n**3/2 - n**2. Let u(r) = -2*r - 1. Let i be u(-3). What is b(i)?
7
Let o(c) = 6*c**2 - c. Let f(u) = -7*u**2. Let g(k) = -5*f(k) - 6*o(k). What is g(8)?
-16
Suppose 2 = -h + 22. Suppose -5*a - 3*s = -0*s + 25, 3*s + h = -4*a. Let x(i) = -i**2 + 0 - 5*i + 4 - 2. Calculate x(a).
2
Let x(y) = -y + 2. Let w(q) = 1. Let j(c) = 4*w(c) - x(c). Determine j(3).
5
Let o(h) = -h**2 + h**3 - 2*h**3 + 8*h - 5*h + 5 - 2. Suppose 0 = 3*s + 12. Let z be (8/s)/(-1 + 2). Give o(z).
1
Let k = -10 - -10. Suppose 0*n + 3*n + 6 = k. Let b(d) = d**2 + 4*d + 3. What is b(n)?
-1
Let s(m) = 0*m**2 + 22*m + 6 - 12*m + 0*m**2 + 2*m**2. Calculate s(-6).
18
Let x(z) = z**2 - 4*z - 6. Let a be x(5). Let y be ((-6)/(-2))/((-1)/a). Suppose -y = -2*s + 1. Let b(d) = d**2 - 1. Give b(s).
3
Let m(a) = -7*a. Suppose 2*f - 30 = 5*n, 2*n - 26 = -3*f - 0*f. Suppose -2*z + 2*d = -0*z - f, 3*d = -5*z - 7. Determine m(z).
-7
Let p be ((-6)/(-5))/((-2)/(-5)). Let q(o) = -2 + 2*o + 4 - 1 - 4. Calculate q(p).
3
Let l(p) = -p**3 + 5*p**2 + 5*p + 8. Suppose 2*w + w = r, -r - 3*w + 12 = 0. Determine l(r).
2
Let o(h) be the first derivative of h**4/4 - 5*h**3/3 - 3*h**2 + 7*h - 15. Let d(m) = m**2 + m + 6. Let k be d(0). Give o(k).
7
Let x = 26 + -36. Let s = x - -12. Let k(b) be the first derivative of -b**3/3 + 1. Determine k(s).
-4
Let x(a) be the second derivative of a**5/20 + a**3/6 + 13*a**2/2 - 2*a. What is x(0)?
13
Let a(d) be the second derivative of -5*d**3/6 + 3*d**2/2 + 2*d. Let s be 104/6 - (-4)/6. Let t be ((-9)/s)/(1/(-4)). Calculate a(t).
-7
Let y(m) be the first derivative of -3*m**2 - m + 2. Let d be (-1)/((-9)/3 - -4). What is y(d)?
5
Let j(h) = h**2 - 5*h + 6. Let f(m) = -2*m**2 + 6*m - 7. Let v(u) = -2*f(u) - 3*j(u). Determine v(-3).
-4
Let t = -2 + 6. Let u(z) be the third derivative of -1/24*z**t - z**2 + 0 + 0*z - 1/2*z**3. What is u(0)?
-3
Suppose -2*t + 3 = -5*p, -2*p + 3*t + 2*t = -3. Let h be 3 + p*4/2. Let m(b) be the first derivative of b**3/3 + b**2/2 - b - 1. Calculate m(h).
1
Let k(s) = -2*s + 7. Let a = -6 + 11. What is k(a)?
-3
Let n(g) = -g**3 + g**2 - 14. Let u = -48 - -48. Calculate n(u).
-14
Let o(m) be the third derivative of m**4/24 + 4*m**3/3 - m**2. Suppose 0*h = -2*h. Let v be h/((-3)/(-3) + 0). Determine o(v).
8
Let t(j) be the second derivative of -j**4/12 + j**3/6 + 19*j**2/2 + 29*j. Give t(0).
19
Let t(w) be the first derivative of w**2 - 3*w + 4. Suppose 4*p - 2*x - 12 + 0 = 0, -3*p + 8 = -x. Let m = 2 + p. Give t(m).
5
Suppose 2*d + 15 = 7*d. Suppose w - 1 = -d. Let r be 17/4 + w/8. Let y(a) = -a**3 + 5*a**2 - 4*a + 1. What is y(r)?
1
Let v(a) = 0 - 5*a - a**3 + 2*a**3 + 4*a**2 + 4. Suppose -3*x + x = 5*f + 25, 0 = 5*x - 4*f + 13. Calculate v(x).
4
Let i(b) be the first derivative of -b**6/180 - b**5/30 - b**4/12 - b**3 + 1. Let k(p) be the third derivative of i(p). Calculate k(-2).
-2
Let p(s) = 3*s**2 - 3 + 0*s + 1 - s + 3*s. Calculate p(2).
14
Let m(l) be the first derivative of l**4/4 - 4*l**3/3 + 2*l**2 - l - 7. Let y be -5*(-1 + (-6)/(-15)). What is m(y)?
2
Let t(q) be the second derivative of -q + 0 + 1/6*q**3 + 0*q**2. Let c = -10 - -6. What is t(c)?
-4
Let n(k) = -9*k + 1. Let q(m) = -5*m - 12. Let l(t) = -t + 1. Let s(h) = 4*l(h) - q(h). Let b be s(-15). What is n(b)?
-8
Let z(y) be the first derivative of -y**2/2 - y - 1. Let j(a) = -a - 1. Let t be 0/(1/(2/4)). Let c be j(t). Determine z(c).
0
Let k(b) = 2*b**3 + 2*b**2 - b + 2. Let v = 11 + -10. Suppose 4 = z - v. Suppose 2*d = n - 2, z*d + 10 = -2*n + 2*d. What is k(n)?
-4
Let j(q) = -q**2 + 4*q - 6. Let u = -8 + 12. What is j(u)?
-6
Suppose 0*p - 2 = 3*w - 5*p, 2*p + 8 = -w. Let a(u) = u**3 + 3*u**2 - 3*u + 5. Give a(w).
1
Let m(f) = f**2 - 2*f + 3. Let q(i) be the second derivative of i**4/12 - i**3/6 + i**2/2 - 2*i. Let u = -5 - -7. Let r(l) = u*q(l) - m(l). Give r(0).
-1
Let a(c) be the third derivative of -c**6/120 + c**5/15 + c**4/6 + c**3/6 + 2*c**2. Let v be a(5). Let x(b) = -b**3 - 3*b**2 + 5*b - 2. What is x(v)?
-6
Suppose -3*h + 3 = 3*t, -2*h - t + 3 = 2*t. Let g = 6 - h. Let j(p) = p**3 - 7*p**2 + 6*p + 8. Determine j(g).
8
Suppose 0 = 3*b + b + 2*i - 26, -4*i = -4. Let d(r) = r + 3. Determine d(b).
9
Let l(x) = -2*x - 2*x**2 + 3 + x**2 - 2 - 3*x. Determine l(-6).
-5
Suppose -2*z + 4*v = 3*v + 23, z + 19 = 2*v. Let u be (-10)/(-3)*z/(-6). Let w(k) = 2*k - 4. Give w(u).
6
Let g = 3 - 6. Let z = -2 - g. Suppose -2*v + 3*v - z = 0. Let u(s) = -6*s**2 + s - 1. Calculate u(v).
-6
Let k(s) be the third derivative of -s**2 - 1/12*s**4 + 0*s - 1/3*s**3 + 1/15*s**5 + 0. Give k(2).
10
Suppose -4 = 4*o + 4*t, 0 = 3*o - 3*t - 2*t - 21. Let v(z) = z**2 + 2*z - 3. Let h be v(-3). Let j(m) = 0 + h - 3*m - 4 - 2 + m**o. Determine j(5).
4
Suppose -3*p + 12 + 3 = 0. Let z(g) be the second derivative of -g**3/3 + 5*g**2/2 - g. Determine z(p).
-5
Let d(y) = -y**3 + 3*y - 1. Suppose 5*f = 4*f + 2. Give d(f).
-3
Let n(a) = -3*a**2 - 4*a + 24. Let r(l) = 1. Let k(j) = n(j) - 4*r(j). Let b(h) = -h**2 - h + 7. Let x(u) = -11*b(u) + 4*k(u). Give x(-5).
3
Let i be (0 + -1)/1*5. Let s = i - -9. Let q(t) = -t + 6. Give q(s).
2
Let k(r) be the second derivative of r**5/120 + r**4/12 - r**3 + 3*r. Let d(a) be the second derivative of k(a). What is d(-2)?
0
Let g(k) = k + 2. Suppose 17 = 5*h + 3*f, -3*f = 4*h - 7 - 6. What is g(h)?
6
Suppose c + 120 = 4*c. Let u(q) = -1 - c*q + 41*q + 1. What is u(6)?
6
Let u(l) = l**3 - 16*l**2 + 17*l - 20. Let d be u(15). Let h(x) = -11 - x**2 + d - 6*x + 4. Give h(-7).
-4
Let d(x) = -x + 12. Let o be d(6). Let n(r) = r**2 - 6*r - 5. Determine n(o).
-5
Let r(c) = c**2 + 3. Let o be r(0). Suppose -2*h + o*h = 1. Let p(x) = 3*x - 1. Calculate p(h).
2
Let z(j) = j + 1. Let o be z(-2). Let b(f) = f**2 - f. Let i be b(o). Suppose -i*w = -7*w + 5. Let l(y) = 10*y**3 - 1. What is l(w)?
9
Suppose 5*c = -5*u, 5*c - 5*u + 8 = 2*c. Let f(p) = p + 1. Let r be 2/6 + 2/3. Let d(h) = 1. Let i(y) = r*f(y) - 2*d(y). Determine i(c).
-2
Let z(h) be the second derivative of -3*h**5/4 + h**4/12 + 11*h. Give z(-1).
16
Let l(k) = -k**2 + 4. Let j be l(-2). Suppose 5*q + 10 - 40 = j. Let y(n) = 2*n - 5. Calculate y(q).
7
Suppose -f + t = -4 + 1, 2*f + 3*t + 14 = 0. Let z(b) be the first derivative of 2*b**3 - b**2 - b + 31. Give z(f).
7
Let p(y) be the first derivative of -5*y**3/3 - y - 3. Let z = 2 - -2. Let w = z - 3. Calculate p(w).
-6
Let p(s) = -11*s + 11. Let d(a) = 4*a - 4. Let b(x) = 8*d(x) + 3*p(x). What is b(-3)?
4
Let i(u) = -u + 1. Let k be i(-3). Let b(d) = 3*d**2 + 0*d - k - 2*d**2 + 3*d + 0*d. Calculate b(-5).
6
Let k = 3 + 2. Let n = k - 8. Let p(y) = 5 - 1 + y + 3. What is p(n)?
4
Suppose 0*l + l = 1. Let c(t) = -14*t**2 + t. Determine c(l).
-13
Let j(z) be the first derivative of -4*z**4 + 2*z**3/3 - z**2/2 + 1. Let c(a) = -a**2 + 6*a - 4. Let k be c(5). What is j(k)?
-15
Let i(f) = -f + 3. Let b be i(1). Let m(c) = 2*c - 4*c + 2*c**2 + b*c**2 + 2 - 2*c**2. Determine m(2).
6
Suppose 3*d - d - 3*o + 15 = 0, 5*o = 5*d + 30. Let c(g) = -g**3 - 4*g**2 - 5*g - 3. What is c(d)?
3
Let t be (20/8)/((-10)/(-24)). Let y(q) = t*q - q**2 + 2*q**2 - 5 - 2*q**2 - q. Give y(4).
-1
Let v(z) = z**2 - z + 1. Let s(a) be the second derivative of a**5/20 - 11*a**4/12 + 11*a**3/6 - 4*a**2 + 3*a. Let i(g) = -s(g) - 6*v(g). Calculate i(3).
5
Let o(v) be the first derivative of -1/12*v**4 + v**2 - 1/2*v**3 - 3*v + 2. Let r(w) be the first derivative of o(w). What is r(-3)?
2
Let i be 42/9 - (2/(-6) - -1). Let q(m) = -2*m + 4. Calculate q(i).
-4
Let q(y) be the first derivative of y**4/4 + y**3 - 5*y**2/2 + y - 1. Suppose 63*n - 68*n - 20 = 0. Calculate 